ens digit of 76298?
9
What is the ten thousands digit of 19737?
1
What is the hundred thousands digit of 2486502?
4
What is the hundred thousands digit of 276129?
2
What is the millions digit of 2256455?
2
What is the units digit of 2207543?
3
What is the ten thousands digit of 194776?
9
What is the ten thousands digit of 110486?
1
What is the millions digit of 1539313?
1
What is the units digit of 416175?
5
What is the millions digit of 9852622?
9
What is the thousands digit of 3265261?
5
What is the hundreds digit of 161507?
5
What is the hundred thousands digit of 223265?
2
What is the hundreds digit of 85851?
8
What is the tens digit of 123763?
6
What is the tens digit of 248370?
7
What is the ten millions digit of 19226993?
1
What is the units digit of 91283?
3
What is the ten millions digit of 15269350?
1
What is the thousands digit of 446853?
6
What is the thousands digit of 1925082?
5
What is the units digit of 12264?
4
What is the tens digit of 1456840?
4
What is the hundred thousands digit of 274240?
2
What is the ten thousands digit of 5171998?
7
What is the tens digit of 212486?
8
What is the units digit of 54818?
8
What is the millions digit of 14301128?
4
What is the thousands digit of 10501533?
1
What is the units digit of 14189085?
5
What is the thousands digit of 485463?
5
What is the tens digit of 166482?
8
What is the ten thousands digit of 39607?
3
What is the ten millions digit of 15576804?
1
What is the tens digit of 6887531?
3
What is the hundreds digit of 650993?
9
What is the thousands digit of 755833?
5
What is the hundred thousands digit of 29117458?
1
What is the units digit of 514849?
9
What is the units digit of 1296470?
0
What is the hundred thousands digit of 2292963?
2
What is the millions digit of 1181466?
1
What is the thousands digit of 1098493?
8
What is the units digit of 1832264?
4
What is the ten thousands digit of 436520?
3
What is the units digit of 66920?
0
What is the units digit of 4111407?
7
What is the thousands digit of 26220423?
0
What is the ten thousands digit of 3763356?
6
What is the units digit of 3279967?
7
What is the hundred thousands digit of 8849367?
8
What is the thousands digit of 6301756?
1
What is the ten thousands digit of 2183696?
8
What is the thousands digit of 264692?
4
What is the ten millions digit of 31728796?
3
What is the hundred thousands digit of 499755?
4
What is the hundred thousands digit of 13498844?
4
What is the ten thousands digit of 1424441?
2
What is the hundred thousands digit of 11871853?
8
What is the thousands digit of 6723515?
3
What is the thousands digit of 6003273?
3
What is the hundreds digit of 20145558?
5
What is the tens digit of 7542953?
5
What is the ten thousands digit of 3387125?
8
What is the units digit of 224040?
0
What is the thousands digit of 482447?
2
What is the ten millions digit of 28260126?
2
What is the hundred thousands digit of 238087?
2
What is the hundred thousands digit of 226778?
2
What is the thousands digit of 435622?
5
What is the hundreds digit of 19722595?
5
What is the hundred thousands digit of 2851268?
8
What is the units digit of 747903?
3
What is the hundred thousands digit of 8170489?
1
What is the ten thousands digit of 238078?
3
What is the hundreds digit of 213327?
3
What is the millions digit of 2884552?
2
What is the hundreds digit of 4454534?
5
What is the hundreds digit of 193656?
6
What is the units digit of 9964375?
5
What is the millions digit of 1874741?
1
What is the ten thousands digit of 10432465?
3
What is the thousands digit of 31236?
1
What is the hundreds digit of 167369?
3
What is the units digit of 246124?
4
What is the thousands digit of 2877373?
7
What is the millions digit of 3099743?
3
What is the units digit of 1320584?
4
What is the ten thousands digit of 274982?
7
What is the hundreds digit of 1709730?
7
What is the hundred thousands digit of 265648?
2
What is the hundred thousands digit of 235633?
2
What is the units digit of 1517460?
0
What is the ten thousands digit of 2351583?
5
What is the tens digit of 85317?
1
What is the tens digit of 1509?
0
What is the thousands digit of 14319398?
9
What is the tens digit of 47256?
5
What is the thousands digit of 1306691?
6
What is the thousands digit of 1342852?
2
What is the ten thousands digit of 101714?
0
What is the units digit of 20230211?
1
What is the ten thousands digit of 451195?
5
What is the thousands digit of 3940436?
0
What is the hundred thousands digit of 853134?
8
What is the tens digit of 579599?
9
What is the tens digit of 319286?
8
What is the units digit of 296246?
6
What is the ten thousands digit of 604370?
0
What is the units digit of 728015?
5
What is the units digit of 2342893?
3
What is the hundred thousands digit of 451843?
4
What is the thousands digit of 1744917?
4
What is the millions digit of 2184710?
2
What is the hundred thousands digit of 16593709?
5
What is the ten thousands digit of 1117763?
1
What is the millions digit of 2798693?
2
What is the ten thousands digit of 576896?
7
What is the ten thousands digit of 207054?
0
What is the thousands digit of 619662?
9
What is the units digit of 32649595?
5
What is the ten thousands digit of 77914?
7
What is the hundreds digit of 220981?
9
What is the units digit of 2913?
3
What is the units digit of 14244946?
6
What is the ten thousands digit of 4179345?
7
What is the thousands digit of 14466015?
6
What is the units digit of 151313?
3
What is the tens digit of 36173539?
3
What is the tens digit of 1742559?
5
What is the thousands digit of 829556?
9
What is the hundred thousands digit of 916238?
9
What is the ten thousands digit of 6023732?
2
What is the tens digit of 8318396?
9
What is the hundred thousands digit of 504581?
5
What is the tens digit of 477393?
9
What is the tens digit of 27766?
6
What is the ten thousands digit of 12706843?
0
What is the millions digit of 13037768?
3
What is the ten thousands digit of 69072?
6
What is the thousands digit of 618545?
8
What is the units digit of 17732212?
2
What is the hundreds digit of 94661?
6
What is the units digit of 137186?
6
What is the ten thousands digit of 6334352?
3
What is the hundred thousands digit of 8291990?
2
What is the thousands digit of 698402?
8
What is the hundreds digit of 1657473?
4
What is the units digit of 491118?
8
What is the tens digit of 700531?
3
What is the units digit of 652992?
2
What is the units digit of 988360?
0
What is the thousands digit of 241481?
1
What is the ten thousands digit of 1545576?
4
What is the millions digit of 1667933?
1
What is the units digit of 684311?
1
What is the tens digit of 53832?
3
What is the tens digit of 192662?
6
What is the hundred thousands digit of 106688?
1
What is the units digit of 3933076?
6
What is the units digit of 815105?
5
What is the ten thousands digit of 398305?
9
What is the thousands digit of 27007380?
7
What is the units digit of 8746534?
4
What is the ten thousands digit of 4744794?
4
What is the millions digit of 4295865?
4
What is the ten thousands digit of 500018?
0
What is the hundreds digit of 2514161?
1
What is the hundreds digit of 364395?
3
What is the hundreds digit of 414096?
0
What is the hundred thousands digit of 683613?
6
What is the thousands digit of 4648164?
8
What is the ten thousands digit of 6252532?
5
What is the units digit of 3445370?
0
What is the ten thousands digit of 13750?
1
What is the tens digit of 214579?
7
What is the tens digit of 781885?
8
What is the ten thousands digit of 216494?
1
What is the thousands digit of 394759?
4
What is the ten millions digit of 18977130?
1
What is the units digit of 931633?
3
What is the hundred thousands digit of 5861792?
8
What is the ten thousands digit of 41586?
4
What is the thousands digit of 4167917?
7
What is the hundred thousands digit of 1647415?
6
What is the hundred thousands digit of 3802618?
8
What is the hundreds digit of 7092441?
4
What is the units digit of 22686385?
5
What is the millions digit of 10834038?
0
What is the units digit of 1177577?
7
What is the hundreds digit of 1374558?
5
What is the thousands digit of 2096405?
6
What is the thousands digit of 397401?
7
What is the hundred thousands digit of 906901?
9
What is the hundreds digit of 